
What is the ten millions digit of 4139248864?
3
What is the thousands digit of 72613933?
3
What is the ten thousands digit of 98948760?
4
What is the tens digit of 8001965?
6
What is the ten thousands digit of 783413173?
1
What is the millions digit of 58375984?
8
What is the tens digit of 1822163564?
6
What is the millions digit of 446799889?
6
What is the hundreds digit of 1256392083?
0
What is the millions digit of 52953967?
2
What is the ten thousands digit of 558317876?
1
What is the hundred thousands digit of 1156892120?
8
What is the hundred millions digit of 1860333411?
8
What is the hundreds digit of 2006514?
5
What is the ten millions digit of 177858332?
7
What is the hundreds digit of 6613049106?
1
What is the thousands digit of 38643158?
3
What is the thousands digit of 76534510?
4
What is the units digit of 789902657?
7
What is the tens digit of 36811588?
8
What is the billions digit of 5096463143?
5
What is the thousands digit of 30332548?
2
What is the units digit of 27710163?
3
What is the tens digit of 721081777?
7
What is the tens digit of 673651202?
0
What is the thousands digit of 187567702?
7
What is the hundreds digit of 635409627?
6
What is the hundred thousands digit of 54631396?
6
What is the millions digit of 1324444200?
4
What is the ten millions digit of 1790564623?
9
What is the hundreds digit of 503288170?
1
What is the ten millions digit of 254541303?
5
What is the millions digit of 11052879?
1
What is the billions digit of 3231779523?
3
What is the tens digit of 1648389634?
3
What is the ten millions digit of 57771983?
5
What is the hundred thousands digit of 20683043?
6
What is the tens digit of 36433430?
3
What is the millions digit of 7420689?
7
What is the hundred millions digit of 622811058?
6
What is the thousands digit of 3953468?
3
What is the hundreds digit of 142286804?
8
What is the hundred thousands digit of 59221566?
2
What is the hundred thousands digit of 27182732?
1
What is the thousands digit of 578632861?
2
What is the ten millions digit of 2735666188?
3
What is the thousands digit of 2106638718?
8
What is the millions digit of 27183426?
7
What is the tens digit of 21444303?
0
What is the units digit of 958536906?
6
What is the ten millions digit of 132525268?
3
What is the millions digit of 145594054?
5
What is the hundred millions digit of 307294805?
3
What is the ten thousands digit of 1439128?
3
What is the hundred millions digit of 315474947?
3
What is the tens digit of 66335691?
9
What is the hundreds digit of 518992539?
5
What is the units digit of 71204996?
6
What is the ten millions digit of 103614987?
0
What is the units digit of 3226303936?
6
What is the tens digit of 110948919?
1
What is the millions digit of 90758063?
0
What is the hundred thousands digit of 1725730982?
7
What is the billions digit of 1987192919?
1
What is the billions digit of 1140934929?
1
What is the ten thousands digit of 1043755492?
5
What is the hundred thousands digit of 605046414?
0
What is the thousands digit of 411130322?
0
What is the units digit of 2295779341?
1
What is the units digit of 66925434?
4
What is the millions digit of 31659137?
1
What is the hundred thousands digit of 271796108?
7
What is the hundred thousands digit of 72894844?
8
What is the hundred thousands digit of 107156533?
1
What is the hundred thousands digit of 67678075?
6
What is the thousands digit of 48934283?
4
What is the ten millions digit of 63251461?
6
What is the ten thousands digit of 10329178?
2
What is the millions digit of 46275023?
6
What is the ten thousands digit of 82761130?
6
What is the tens digit of 137314044?
4
What is the tens digit of 5499017887?
8
What is the hundreds digit of 1646885996?
9
What is the units digit of 1465874121?
1
What is the hundreds digit of 1980551236?
2
What is the hundreds digit of 44270933?
9
What is the hundreds digit of 315902239?
2
What is the millions digit of 47373934?
7
What is the millions digit of 57789140?
7
What is the millions digit of 116287313?
6
What is the thousands digit of 147113379?
3
What is the thousands digit of 17567916?
7
What is the millions digit of 3290175876?
0
What is the tens digit of 43534136?
3
What is the millions digit of 358557672?
8
What is the hundred thousands digit of 393102956?
1
What is the hundred thousands digit of 44400769?
4
What is the ten millions digit of 80619359?
8
What is the units digit of 35103606?
6
What is the millions digit of 24188085?
4
What is the hundred millions digit of 1256391671?
2
What is the thousands digit of 32217207?
7
What is the hundred thousands digit of 42811122?
8
What is the ten thousands digit of 5145717603?
1
What is the units digit of 4225877?
7
What is the hundreds digit of 34012527?
5
What is the tens digit of 15708119?
1
What is the hundreds digit of 464400179?
1
What is the ten millions digit of 603561785?
0
What is the billions digit of 2279757160?
2
What is the thousands digit of 208711573?
1
What is the millions digit of 31943990?
1
What is the millions digit of 55690163?
5
What is the thousands digit of 839201?
9
What is the hundred thousands digit of 1226846332?
8
What is the hundred millions digit of 4105804729?
1
What is the thousands digit of 52127212?
7
What is the ten thousands digit of 244162033?
6
What is the hundred millions digit of 173702314?
1
What is the millions digit of 44280094?
4
What is the hundreds digit of 2867128933?
9
What is the ten thousands digit of 675498797?
9
What is the hundreds digit of 58245310?
3
What is the tens digit of 1326013056?
5
What is the millions digit of 6626995166?
6
What is the ten thousands digit of 1195900948?
0
What is the hundred thousands digit of 662568716?
5
What is the thousands digit of 1343452479?
2
What is the ten thousands digit of 426964005?
6
What is the hundred millions digit of 855803552?
8
What is the millions digit of 3960308?
3
What is the tens digit of 26300523?
2
What is the thousands digit of 195818883?
8
What is the millions digit of 511764712?
1
What is the hundreds digit of 413224973?
9
What is the tens digit of 409723153?
5
What is the hundred millions digit of 2822927312?
8
What is the units digit of 4490725032?
2
What is the units digit of 684984096?
6
What is the ten millions digit of 70564127?
7
What is the hundreds digit of 24587572?
5
What is the hundreds digit of 359196383?
3
What is the ten millions digit of 308367627?
0
What is the billions digit of 1559645855?
1
What is the billions digit of 4301528639?
4
What is the units digit of 632133471?
1
What is the tens digit of 345143760?
6
What is the hundreds digit of 43563960?
9
What is the hundreds digit of 670712113?
1
What is the ten thousands digit of 1610476470?
7
What is the ten thousands digit of 775869157?
6
What is the ten thousands digit of 12393154?
9
What is the hundred thousands digit of 222801500?
8
What is the thousands digit of 4177668?
7
What is the hundred millions digit of 194083551?
1
What is the tens digit of 13602432?
3
What is the thousands digit of 6373646466?
6
What is the tens digit of 443198454?
5
What is the tens digit of 980340636?
3
What is the millions digit of 516054952?
6
What is the millions digit of 203423782?
3
What is the tens digit of 262335792?
9
What is the ten millions digit of 49716499?
4
What is the units digit of 124758319?
9
What is the ten thousands digit of 697850646?
5
What is the millions digit of 9912958?
9
What is the hundred thousands digit of 4419192670?
1
What is the hundreds digit of 89829036?
0
What is the units digit of 2982157222?
2
What is the ten thousands digit of 3918322559?
2
What is the hundreds digit of 116304349?
3
What is the hundreds digit of 141612021?
0
What is the millions digit of 3698664576?
8
What is the hundreds digit of 212723568?
5
What is the hundred thousands digit of 112392983?
3
What is the ten millions digit of 22944604?
2
What is the hundred millions digit of 1256700680?
2
What is the hundred thousands digit of 79203372?
2
What is the thousands digit of 215634619?
4
What is the millions digit of 19447507?
9
What is the hundred millions digit of 144863350?
1
What is the billions digit of 4074354276?
4
What is the hundreds digit of 216892124?
1
What is the hundred millions digit of 5788284486?